x. What is the remainder when d is divided by p?
0
Let p(j) = -j + 1. Let g(l) = -2*l**2 - 22*l - 2. Let r(y) = -g(y) + 10*p(y). Let v be r(-7). Let k = 40 - v. What is the remainder when 54 is divided by k?
12
Suppose -85852*m = -85863*m + 51656. Calculate the remainder when m is divided by 127.
124
Let v(a) = -20*a**3 + 4*a**2 - 2*a - 2. Let q be v(2). Let l = 151 + q. What is the remainder when 7 is divided by l + 6/(-15) + (-42)/(-30)?
1
Let k(c) = -4*c + 10. Let i be k(4). Let r(m) = -5*m + 2. Let j be r(i). Let f = j - 21. What is the remainder when 19 is divided by f?
8
Let x be 3 + (16/(-4) - -1) + 307. Let l = x - 199. Calculate the remainder when l is divided by ((-168)/(-60))/(2/20).
24
Suppose -2*o - 88*w + 92*w + 11430 = 0, o - 5*w = 5724. What is the remainder when o is divided by 56?
53
Let d(b) = b - 1. Let q be d(6). Suppose 5*w = 5, q*w - 20 = 2*f - 3*f. Let o(i) = i**2 + 57*i - 174. What is the remainder when f is divided by o(3)?
3
Let p(k) = -117*k + 483. What is the remainder when 138 is divided by p(4)?
3
Suppose -u + 256 - 286 = 0. Let q = 87 + u. What is the remainder when 107 is divided by q?
50
Let j(p) = 22*p - 174. What is the remainder when 222 is divided by j(13)?
110
Suppose -2 + 26 = 4*j. Let q(u) = -u**3 + 27*u**2 - 92*u + 29. What is the remainder when q(23) is divided by j?
5
Let v = 86 - 86. Suppose v = 4*l + 4*k - 224, 5*l - l = 3*k + 238. Let z = -8 - -23. What is the remainder when l is divided by z?
13
Let j be (105/78 - 4/(-26))*-6. Let t = j - 28. Let y = t + 57. What is the remainder when y is divided by 11?
9
Suppose 0 = 2*m + 2*m - 8. What is the remainder when (4/(-16)*26)/(92/(-184)) is divided by m?
1
Suppose 4*t - i + 16 = -0*i, i = -2*t - 8. Let b(j) = -j**3 - 2*j**2 - j + 2. What is the remainder when (-9 - (-86 + -2)) + (-5)/1 is divided by b(t)?
36
Suppose -8*v - 3*b + 5766 = -5*v, -2*v + 3*b + 3869 = 0. Let c = v + -1337. Calculate the remainder when c is divided by 85.
80
Suppose 0*i - 5*i + 5*y + 255 = 0, 61 = i - 3*y. Let k = i - 26. What is the remainder when (-875)/(-15) - (-20)/(-15) is divided by k?
17
Let d be ((-2)/4)/((-2)/4). Calculate the remainder when 6 + (1 - -2) + -739 + 749 is divided by (0 + -1)/(d/(-11)).
8
Suppose -32 = -3*q + 4. Let w(o) = o**2 - 15*o - 4. Let f be w(q). Let d = -30 - f. What is the remainder when 29 is divided by d?
9
Let q = 56 - 35. Let b = q + -33. What is the remainder when 6 is divided by (b + -4)*(-1)/4?
2
Suppose 8*g = 3*g + 545. Calculate the remainder when g is divided by ((-56)/(-49))/(2/28).
13
Suppose -74 + 6 = t + 5*b, 2*t = 3*b - 97. Let k = 107 + t. Calculate the remainder when k is divided by (-680)/(-48) + 5/(-30).
12
Let x(r) = -6*r + 119. Let n be x(21). Let t(b) = -b**2 - b + 60. What is the remainder when 95 is divided by t(n)?
5
Let o = -159 - -229. Let r = 61 - o. What is the remainder when 323 is divided by (6/r - (-55)/(-15))*-3?
11
Let y = 68 - 15. Let t = 881 + -1404. Let v = t + 537. What is the remainder when y is divided by v?
11
Let x = -221 + 249. Suppose 2*n = -x + 18, -79 = -2*u + n. What is the remainder when u is divided by 12?
1
Let p = 139 - 138. Calculate the remainder when 192 + -17 - (p + 1 - -1) is divided by 7.
4
Let u = -4160 - -5137. What is the remainder when u is divided by 35?
32
Suppose 3*x = -5*h + 3*h + 16, 2*h + 8 = 3*x. Suppose 3 = 2*p - 1. What is the remainder when p/1 - 6/(-2) is divided by x?
1
Suppose 3*l = 4*j + 66, j + 2 = -1. Suppose 6*t - 18 = l. What is the remainder when 65 + t*(-4)/8 is divided by 33?
29
Suppose -50*w - 4*p = -53*w + 100, -w + 4*p + 44 = 0. Calculate the remainder when 175 is divided by w.
7
Let f = 23676 - 23404. What is the remainder when 808 is divided by f?
264
Let z be (-7)/(8/((-48)/21)). Suppose 6*l - 360 = -z*l. Calculate the remainder when 87 is divided by l.
42
Let v(t) be the second derivative of t**5/5 - t**4/6 - t**3/6 - 13*t. What is the remainder when v(3) is divided by (2/(-6))/((-6)/18)*30?
27
Suppose 32 = 14*j - 234. Suppose 5*z = -p + 46, -j*z = 4*p - 17*z - 148. What is the remainder when 141 is divided by p?
33
Let p(v) = -49*v + 1958. Calculate the remainder when 287 is divided by p(38).
95
Suppose -266*k + 56703 = -105557. Calculate the remainder when k is divided by 79.
57
Let k(g) = g**3 - 4*g**2 - 3*g - 7. Let v be k(5). Suppose -v*i - 406 = -4*z - 5*i, -2*z + 215 = -3*i. Calculate the remainder when z is divided by 54.
49
Let i(t) = -7*t**2 - 68*t + 20. Suppose -3*c - 4*z = -5 + 44, 3*c + 15 = 4*z. Calculate the remainder when i(c) is divided by 33/(-2)*(-8)/12.
10
Suppose 12*p = 37*p - 28225. Calculate the remainder when p is divided by 375.
4
Suppose -3*d = -780 - 21. Suppose -15*h + 63 = -d. Calculate the remainder when (63/4)/(3/8) is divided by h.
20
Let a = -4645 - -5760. What is the remainder when a is divided by 9?
8
Let k = 41194 + -40764. Let h(u) = -u**2 + 15*u - 6. What is the remainder when k is divided by h(6)?
46
Suppose 0 = 2*s + 16, -480*j + 485*j - 2*s - 736 = 0. What is the remainder when 20877 is divided by j?
141
Let d(l) = l**2 + 78. Let x(n) = n**3 + 5*n**2 + 6*n. Let h be x(-3). Calculate the remainder when d(h) is divided by 23.
9
Let d(n) = 6*n**2 + 4*n + 1. Let w be d(-3). Let q = 70 - w. Suppose 5*u + 3*p = 537, -27*p = -31*p + 16. What is the remainder when u is divided by q?
24
Let l be 0/((-7 + 5)/(0 - 1)). Suppose 4*s - 7*s - 2*u + 402 = l, 2*s - 3*u - 255 = 0. Suppose -s + 777 = 5*g. Calculate the remainder when g is divided by 33.
30
Let o = 6 + -10. Let d(t) = 40*t + 0*t**3 - t**3 - 1 - 27*t - 3 - 22*t - 4*t**2. What is the remainder when 95 is divided by d(o)?
31
Let j(r) be the first derivative of 3*r**3 - 5*r**2/2 + 2*r + 9. Let o be j(2). Suppose -4*t - o = -252. Calculate the remainder when t is divided by 15.
11
Let l(r) = -5 - 3*r + 3 + 9*r. Let m(h) = -h**2 + 23*h - 99. Let y be m(17). What is the remainder when 78 is divided by l(y)?
14
Suppose 18 = -3*k, -5*o - 104*k = -100*k - 3051. What is the remainder when o is divided by 211?
193
Let i be 1/2 - 133/(-14). Suppose -2*b + i - 6 = 0. What is the remainder when 19 is divided by b/(-3) - (-156)/18?
3
Let o be 1872/(-15) + (-6)/90*3. Let y = -112 - o. Calculate the remainder when y is divided by 8.
5
What is the remainder when 34/51 + (41971/(-38))/((-3)/2) is divided by 182?
9
Let i(b) = 4*b + 8. Calculate the remainder when i(6) is divided by 266/(-285)*-15 - (-2 + -5).
11
Let r(n) = 416*n**3 - n**2 + n. Let d be r(1). Suppose 2*s + 4*z = 176, 0 = 5*s + 3*z - z - d. Let f = s - 71. Calculate the remainder when 17 is divided by f.
6
Let p = -217 - -346. Calculate the remainder when 147 is divided by p.
18
Suppose 4*j - 24 - 36 = -0*j. Calculate the remainder when 344 is divided by j.
14
Let w be 10/(-4) - 26/(-52). Calculate the remainder when ((-203)/21)/(w/6) is divided by 15.
14
Let g be 295/(-8*(-7)/28 + -1). Suppose 5*p + 70 = g. Let s(t) = 11*t**2 + 3. What is the remainder when s(4) is divided by p?
44
Suppose 7*p + 6 = 10*p, 7 = -u + 5*p. Suppose 5*y - 105 = -5*h, -5*h - 85 = -u*y - 2*y. Calculate the remainder when 30 is divided by y.
11
Suppose -44*t + 588022 + 50506 = 0. Calculate the remainder when t is divided by 82.
80
Let q(p) = -19*p + 2. Suppose 67 = -2*g + 65. Calculate the remainder when 116 is divided by q(g).
11
Suppose -3*g + 110 + 155 = -2*g. Calculate the remainder when g is divided by 24.
1
What is the remainder when 112/12*((-3348)/(-21) - 6) is divided by 24?
16
Suppose o + 12*w - 2591 = 15*w, 4*o = w + 10298. Calculate the remainder when o is divided by 12.
5
Suppose -w = -5*y + 1432, -873 = -3*y - 4*w - 0*w. Calculate the remainder when y is divided by (-5 - (12 + 99))/(-2).
55
Let z = -284 - -372. Calculate the remainder when z is divided by 18.
16
Let r(s) = -3*s**2 - 58*s + 152. Calculate the remainder when 135 is divided by r(-21).
41
Calculate the remainder when 1153 is divided by ((-5 + -3)/(-8))/((-25)/(-5125)).
128
Let u = -34 - -83. Suppose 4*a - u = 4*l + l, -2*a = -5*l - 27. Suppose 4*m - 152 = -32. Calculate the remainder when m is divided by a.
8
Let k = 105 - 55. Let t(r) = 93*r**2 + 18*r - 10. Calculate the remainder when t(2) is divided by k.
48
Suppose -i = -5*r - 149, -4*i + 5*r = 1209 - 1790. Calcu